559 is divided by 842.
33
Calculate the remainder when 2069 is divided by 104.
93
Calculate the remainder when 1196 is divided by 241.
232
Calculate the remainder when 278 is divided by 89.
11
Calculate the remainder when 220 is divided by 19.
11
Calculate the remainder when 114 is divided by 56.
2
What is the remainder when 618 is divided by 69?
66
What is the remainder when 601 is divided by 122?
113
Calculate the remainder when 429 is divided by 380.
49
What is the remainder when 1718 is divided by 422?
30
Calculate the remainder when 248 is divided by 36.
32
Calculate the remainder when 9 is divided by 2.
1
What is the remainder when 19345 is divided by 18?
13
What is the remainder when 45 is divided by 18?
9
What is the remainder when 506 is divided by 64?
58
Calculate the remainder when 191 is divided by 47.
3
What is the remainder when 414 is divided by 132?
18
What is the remainder when 609 is divided by 494?
115
Calculate the remainder when 560 is divided by 295.
265
Calculate the remainder when 1274 is divided by 11.
9
Calculate the remainder when 219 is divided by 104.
11
Calculate the remainder when 366 is divided by 98.
72
Calculate the remainder when 840 is divided by 53.
45
What is the remainder when 77 is divided by 31?
15
What is the remainder when 157 is divided by 19?
5
What is the remainder when 283 is divided by 16?
11
What is the remainder when 118 is divided by 18?
10
Calculate the remainder when 452 is divided by 40.
12
Calculate the remainder when 197 is divided by 6.
5
Calculate the remainder when 34 is divided by 20.
14
Calculate the remainder when 188 is divided by 95.
93
What is the remainder when 111 is divided by 51?
9
Calculate the remainder when 729 is divided by 17.
15
What is the remainder when 181 is divided by 98?
83
Calculate the remainder when 30571 is divided by 208.
203
What is the remainder when 100 is divided by 7?
2
Calculate the remainder when 1210 is divided by 289.
54
What is the remainder when 205 is divided by 16?
13
Calculate the remainder when 38 is divided by 15.
8
What is the remainder when 1918 is divided by 623?
49
Calculate the remainder when 455 is divided by 66.
59
Calculate the remainder when 165 is divided by 49.
18
Calculate the remainder when 4406 is divided by 38.
36
What is the remainder when 218 is divided by 13?
10
What is the remainder when 404 is divided by 64?
20
Calculate the remainder when 116 is divided by 7.
4
Calculate the remainder when 573 is divided by 283.
7
Calculate the remainder when 265 is divided by 24.
1
What is the remainder when 46 is divided by 30?
16
Calculate the remainder when 773 is divided by 207.
152
Calculate the remainder when 1361 is divided by 44.
41
Calculate the remainder when 4467 is divided by 15.
12
What is the remainder when 4634 is divided by 18?
8
Calculate the remainder when 646 is divided by 9.
7
Calculate the remainder when 553 is divided by 76.
21
What is the remainder when 2317 is divided by 44?
29
Calculate the remainder when 489 is divided by 161.
6
What is the remainder when 58 is divided by 6?
4
Calculate the remainder when 511 is divided by 107.
83
What is the remainder when 1322 is divided by 25?
22
What is the remainder when 1836 is divided by 30?
6
Calculate the remainder when 75 is divided by 39.
36
Calculate the remainder when 1994 is divided by 247.
18
What is the remainder when 65 is divided by 17?
14
What is the remainder when 56 is divided by 38?
18
Calculate the remainder when 232 is divided by 100.
32
What is the remainder when 89 is divided by 30?
29
What is the remainder when 144 is divided by 14?
4
Calculate the remainder when 104 is divided by 35.
34
What is the remainder when 478 is divided by 91?
23
What is the remainder when 301 is divided by 130?
41
Calculate the remainder when 244 is divided by 84.
76
Calculate the remainder when 1887 is divided by 54.
51
What is the remainder when 61 is divided by 17?
10
What is the remainder when 175 is divided by 74?
27
What is the remainder when 34 is divided by 3?
1
What is the remainder when 397 is divided by 67?
62
Calculate the remainder when 251 is divided by 5.
1
What is the remainder when 121 is divided by 68?
53
What is the remainder when 1208 is divided by 93?
92
Calculate the remainder when 165 is divided by 13.
9
What is the remainder when 1058 is divided by 18?
14
What is the remainder when 439 is divided by 26?
23
Calculate the remainder when 220 is divided by 56.
52
Calculate the remainder when 1007 is divided by 10.
7
Calculate the remainder when 18 is divided by 7.
4
What is the remainder when 187 is divided by 87?
13
Calculate the remainder when 135 is divided by 3.
0
What is the remainder when 4584 is divided by 1528?
0
What is the remainder when 25 is divided by 9?
7
Calculate the remainder when 517 is divided by 28.
13
What is the remainder when 98 is divided by 35?
28
What is the remainder when 6173 is divided by 206?
199
What is the remainder when 3126 is divided by 68?
66
Calculate the remainder when 3452 is divided by 14.
8
Calculate the remainder when 616 is divided by 47.
5
What is the remainder when 1259 is divided by 254?
243
What is the remainder when 129 is divided by 18?
3
Calculate the remainder when 83 is divided by 25.
8
What is the remainder when 108 is divided by 22?
20
Calculate the remainder when 2542 is divided by 845.
7
What is the remainder when 15868 is divided by 248?
244
What is the remainder when 303 is divided by 34?
31
Calculate the remainder when 502 is divided by 119.
26
Calculate the remainder when 52 is divided by 34.
18
Calculate the remainder when 247 is divided by 34.
9
What is the remainder when 152 is divided by 43?
23
What is the remainder when 117 is divided by 61?
56
Calculate the remainder when 1494 is divided by 68.
66
Calculate the remainder when 1833 is divided by 34.
31
Calculate the remainder when 199 is divided by 28.
3
What is the remainder when 57 is divided by 32?
25
Calculate the remainder when 250 is divided by 127.
123
What is the remainder when 91 is divided by 23?
22
What is the remainder when 3847 is divided by 74?
73
What is the remainder when 31264 is divided by 9?
7
Calculate the remainder when 607 is divided by 3.
1
What is the remainder when 502 is divided by 68?
26
What is the remainder when 66 is divided by 23?
20
Calculate the remainder when 133 is divided by 47.
39
Calculate the remainder when 1183 is divided by 32.
31
What is the remainder when 1871 is divided by 52?
51
What is the remainder when 430 is divided by 188?
54
What is the remainder when 76 is divided by 31?
14
What is the remainder when 542 is divided by 113?
90
What is the remainder when 934 is divided by 8?
6
Calculate the remainder when 22620 is divided by 14.
10
Calculate the remainder when 114 is divided by 32.
18
What is the remainder when 504 is divided by 22?
20
Calculate the remainder when 1802 is divided by 44.
42
Calculate the remainder when 1220 is divided by 85.
30
What is the remainder when 1053 is divided by 32?
29
What is the remainder when 1180 is divided by 171?
154
What is the remainder when 1703 is divided by 155?
153
What is the remainder when 180 is divided by 17?
10
What is the remainder when 1473 is divided by 67?
66
Calculate the remainder when 299 is divided by 22.
13
What is the remainder when 748 is divided by 148?
8
What is the remainder when 2099 is divided by 122?
25
Calculate the remainder when 1319 is divided by 55.
54
Calculate the remainder when 284 is divided by 145.
139
What is the remainder when 11797 is divided by 14?
9
Calculate the remainder when 3703 is divided by 109.
106
What is the remainder when 1109 is divided by 74?
73
Calculate the remainder when 117 is divided by 12.
9
What is the remainder when 403 is divided by 82?
75
Calculate the remainder when 179 is divided by 23.
18
Calculate the remainder when 314 is divided by 102.
8
What is the remainder when 231 is divided by 132?
99
What is the remainder when 222 is divided by 75?
72
Calculate the remainder when 102 is divided by 29.
15
Calculate the remainder when 863 is divided by 18.
17
Calculate the remainder when 111 is divided by 41.
29
What is the remainder when 291 is divided by 7?
4
Calculate the remainder when 153 is di